est common divisor of 46 and 206333?
23
Calculate the greatest common factor of 124292 and 92.
92
Calculate the highest common factor of 5370 and 682706.
358
What is the greatest common factor of 190 and 5833?
19
What is the greatest common factor of 851858 and 994?
994
Calculate the highest common factor of 6877 and 69.
23
What is the greatest common divisor of 206872 and 57?
19
What is the greatest common divisor of 2830566 and 566?
566
Calculate the greatest common factor of 3091 and 11.
11
What is the highest common divisor of 702 and 1482?
78
What is the highest common factor of 5219 and 204?
17
Calculate the greatest common factor of 45003 and 1848.
21
Calculate the highest common factor of 39915 and 360.
45
What is the highest common factor of 1503 and 60287?
167
Calculate the greatest common factor of 10304 and 7567.
161
Calculate the highest common factor of 10 and 2615.
5
Calculate the highest common factor of 155 and 894629.
31
What is the highest common divisor of 22246 and 40406?
454
Calculate the highest common factor of 71811 and 9243.
711
What is the highest common divisor of 6223 and 12192?
127
What is the greatest common factor of 2491451 and 133?
19
What is the greatest common divisor of 21344 and 69?
23
What is the highest common divisor of 6552 and 3708?
36
Calculate the greatest common divisor of 828597 and 102.
51
What is the highest common factor of 169068 and 7141?
193
Calculate the greatest common divisor of 1520 and 2080.
80
What is the highest common factor of 380 and 2399225?
95
Calculate the highest common factor of 9855 and 84915.
135
What is the greatest common factor of 2236 and 11008?
172
What is the highest common divisor of 207830 and 70?
70
What is the greatest common factor of 172730 and 184?
46
What is the highest common divisor of 19 and 215?
1
Calculate the highest common divisor of 537526 and 3498.
1166
Calculate the greatest common divisor of 3829764 and 12.
12
Calculate the highest common factor of 746976 and 1860.
372
Calculate the highest common factor of 21606533 and 13.
13
What is the highest common divisor of 6623 and 5728?
179
Calculate the greatest common divisor of 4315 and 230421.
863
Calculate the highest common factor of 1577 and 2241.
83
What is the highest common divisor of 6783 and 4242?
21
Calculate the greatest common divisor of 9 and 29709.
9
What is the highest common factor of 9418 and 510?
34
Calculate the highest common factor of 1296 and 55836.
108
What is the greatest common factor of 261 and 101471?
29
What is the highest common factor of 33824 and 1680?
112
Calculate the greatest common factor of 14 and 398678.
14
Calculate the greatest common divisor of 108 and 18873.
27
Calculate the greatest common factor of 774329 and 29.
29
What is the highest common divisor of 4310 and 780?
10
What is the greatest common divisor of 552 and 292974?
138
Calculate the greatest common factor of 204831 and 11.
11
Calculate the greatest common factor of 1403 and 4168313.
1403
Calculate the greatest common factor of 22152 and 7488.
312
Calculate the greatest common divisor of 864 and 42.
6
Calculate the greatest common factor of 25916 and 605492.
2356
Calculate the highest common factor of 14373 and 63.
9
What is the greatest common factor of 28475 and 53125?
425
Calculate the greatest common divisor of 91584 and 384.
192
What is the greatest common factor of 315400 and 747?
83
Calculate the highest common divisor of 28462 and 1596.
266
Calculate the highest common factor of 47670 and 120.
30
What is the highest common divisor of 2125323 and 612?
153
Calculate the greatest common factor of 128 and 120128.
64
Calculate the greatest common factor of 16 and 37806.
2
Calculate the highest common divisor of 10759 and 166663.
203
What is the greatest common factor of 20 and 5757100?
20
What is the greatest common divisor of 391943 and 69?
23
Calculate the highest common divisor of 7535 and 2200.
55
What is the greatest common factor of 75 and 95475?
75
What is the highest common factor of 29 and 19633?
29
What is the highest common divisor of 239463 and 432?
27
Calculate the highest common factor of 520200 and 17.
17
Calculate the greatest common divisor of 5324 and 44.
44
What is the greatest common factor of 55499 and 381?
127
What is the highest common divisor of 170232 and 5536?
1384
Calculate the highest common divisor of 102 and 37978.
34
Calculate the highest common factor of 12 and 13618.
2
What is the highest common divisor of 33788 and 772?
4
Calculate the highest common divisor of 34 and 258859.
17
Calculate the highest common factor of 208 and 526448.
208
What is the highest common factor of 38075 and 25?
25
What is the highest common divisor of 47685 and 1980?
165
What is the highest common factor of 318 and 210198?
318
Calculate the highest common factor of 54 and 48033.
27
What is the greatest common factor of 388 and 253073?
97
Calculate the greatest common factor of 576219 and 966.
483
What is the highest common divisor of 8859304 and 2056?
2056
What is the highest common divisor of 5 and 37030?
5
What is the highest common divisor of 418588 and 4086?
454
What is the highest common factor of 604544 and 48?
16
Calculate the highest common divisor of 692 and 214001.
173
Calculate the greatest common factor of 36 and 626166.
18
Calculate the highest common factor of 26908 and 5456.
124
What is the highest common divisor of 231825 and 2475?
825
Calculate the greatest common divisor of 42 and 791706.
6
What is the highest common divisor of 115 and 1541?
23
Calculate the greatest common divisor of 493902 and 2070.
414
Calculate the greatest common factor of 47408 and 2632.
8
Calculate the highest common factor of 8699 and 3.
1
What is the highest common factor of 11 and 279103?
11
What is the highest common factor of 10760 and 64?
8
What is the highest common factor of 851310 and 2025?
405
What is the highest common factor of 376 and 3656?
8
What is the highest common divisor of 511 and 2079?
7
Calculate the greatest common divisor of 15906 and 698418.
1446
Calculate the highest common divisor of 12305 and 115.
115
What is the highest common factor of 5388 and 65364?
12
What is the greatest common factor of 107070 and 2365?
215
Calculate the greatest common factor of 209 and 2375.
19
What is the highest common factor of 5780 and 5120?
20
What is the highest common divisor of 88856 and 1160?
232
Calculate the highest common divisor of 47768 and 2408.
56
What is the greatest common divisor of 320 and 368?
16
What is the highest common factor of 56 and 317744?
56
What is the greatest common factor of 10 and 3675?
5
Calculate the highest common factor of 1285243 and 4948.
1237
What is the greatest common divisor of 46291 and 7?
7
What is the greatest common divisor of 90336 and 6144?
96
What is the highest common factor of 646 and 10211968?
646
Calculate the highest common factor of 84 and 2238572.
28
What is the highest common divisor of 35459 and 6611?
601
Calculate the highest common factor of 115 and 18791.
23
Calculate the highest common factor of 22154 and 304.
38
What is the greatest common divisor of 41617 and 1?
1
Calculate the greatest common factor of 70 and 70.
70
What is the greatest common divisor of 72064 and 563?
563
What is the greatest common factor of 1580745 and 510?
255
Calculate the greatest common divisor of 8066 and 1295.
37
What is the highest common divisor of 59934 and 42?
42
Calculate the greatest common factor of 8782 and 22.
2
Calculate the highest common divisor of 3177555 and 733.
733
What is the greatest common factor of 645227 and 11?
11
What is the highest common factor of 1128 and 14087028?
564
What is the highest common divisor of 275 and 193985?
55
What is the greatest common divisor of 6061 and 1463?
209
What is the greatest common factor of 722 and 2040?
2
What is the highest common divisor of 31086 and 5742?
198
Calculate the highest common factor of 2889701 and 47.
47
Calculate the greatest common factor of 176 and 68596.
44
What is the greatest common divisor of 71 and 584330?
71
Calculate the highest common factor of 5994 and 120546.
666
Calculate the greatest common divisor of 42840 and 322.
14
Calculate the greatest common divisor of 51 and 1